 36. Let o be 13/(-4) + v/16. Let p = o + 11. What is the units digit of p?
8
What is the tens digit of (-30)/(-4)*3 + (-3)/2?
2
Let l(p) = 187*p**2 - 2*p + 1. What is the hundreds digit of l(1)?
1
What is the tens digit of 1 + 25 + 8/4?
2
Let r(m) = -m**3 + 4*m**2 + 4*m - 5. What is the units digit of r(4)?
1
Suppose -4*g + 21 = -4*y + 5*y, 5*g - 45 = 5*y. Let u be (-13)/(-3) + g/9. Suppose 6*q - u*q - 19 = -3*n, -9 = -3*n. What is the units digit of q?
0
Suppose 0*f + 2*f = -2, -5*v + f = 34. Let y(k) = -k - 6. What is the units digit of y(v)?
1
Let v(t) = 14*t**2 - 2. What is the tens digit of v(-2)?
5
Let p be 4 - (1 + 0/1). Suppose -5 = -0*a - a - p*z, a - 3*z = 5. What is the units digit of a?
5
Let n(z) = 8*z**2 + 4*z + 4. Let y be n(6). What is the units digit of (-2)/7 - y/(-28)?
1
Let m be (4 + 2)/((-3)/(-2)). Suppose 0 = 5*c + 4*b - 111, 0 = m*c + 5*b - 109 + 22. Suppose -3*d + 3 = 3*g, -5*g + d + 0*d = -c. What is the units digit of g?
4
Let c(n) = 3*n**2 - 4*n + 3. What is the units digit of c(4)?
5
Let v be (-1)/(-3) - 11/(-3). Let o(k) = k**3 - 3*k**2 - 3*k. Let b be o(v). Suppose -4*h + 4*d + 32 = 0, -28 = -h + d - b*d. What is the tens digit of h?
1
Suppose 0*x = 3*x - 3, -3*x + 9 = 3*q. Suppose -g + 4*o = -5, -g - 2*o = q*o - 21. What is the tens digit of g?
1
Let q be -5*((-36)/(-15) + -2). Let j = 3 + q. What is the units digit of j?
1
What is the units digit of (-158)/(-6) - (-1)/(-3)?
6
Suppose 6*k - 9 = 3*k. Suppose 0 = 2*a - k*a + 12. What is the units digit of a?
2
Suppose 19 + 1 = 4*h - 5*q, -2*h + 10 = -2*q. Suppose -3*w + 3*v = 7*v - 46, h*v = 4*w - 51. What is the tens digit of w?
1
Suppose 25*z - 30*z = -115. What is the tens digit of z?
2
Let s = -10 - -8. What is the units digit of (3/s)/(6/(-32))?
8
What is the tens digit of ((-1176)/(-36))/((-1)/(-3))?
9
What is the tens digit of 8/((-21)/(-6) + -3)?
1
Suppose 10*a - 12*a = -112. What is the units digit of a?
6
Let r = 49 + -29. Suppose -5*n + 0 = -r. What is the units digit of n?
4
Let n(c) = c**2 - 3*c + 2. Let d be n(3). Suppose -3*j + d*j = -55. Let x = -38 + j. What is the tens digit of x?
1
Suppose 0 = 4*h - 6*h + 8. Suppose -s + h*c - 29 = -12, 5*s = -2*c + 25. Suppose 0 = s*n - 4*n + 3. What is the units digit of n?
3
Suppose x + 7 + 6 = w, 5*x + 5*w + 85 = 0. What is the tens digit of ((-6)/(-5))/((-1)/x)?
1
Let a(b) = -26*b - 12. What is the units digit of a(-4)?
2
Let c(y) = y + 9. Let i be c(-7). Suppose 0 = 2*j + j - i*a - 16, 0 = -j - 3*a - 2. What is the units digit of j?
4
What is the units digit of (-5)/(-30) + 227/6?
8
Let x(a) = a**3 - 11*a**2 + 10*a + 6. Let p be x(10). Suppose -88 = -p*g + 2*g. What is the tens digit of g?
2
Suppose -4*y + 656 = -372. What is the hundreds digit of y?
2
Let k(t) = t + 4. Let h be k(-4). Suppose 3*u - 20 - 34 = h. What is the units digit of u?
8
Let o = -53 + 63. What is the units digit of o?
0
Let a be (0/((-2)/(-2)))/(-1). Suppose 2*z - z = a. Let u = 4 + z. What is the units digit of u?
4
Suppose g = 5*v - 157, 3*v = 2*g + 122 - 25. Suppose 2*f + 2*z = 3*z + 26, 0 = -f + 5*z + v. What is the tens digit of f?
1
Let u(g) = -g - 6. Let t be u(3). What is the units digit of 41 - 3/(t/(-6))?
9
Let p(t) = -2*t - t**3 + 14*t**2 - t + 6*t - 3 + 12. What is the tens digit of p(14)?
5
Let x(u) = -u + 17. What is the units digit of x(7)?
0
Suppose 5*h - 8 = -w, 2*w = 3*h + w. Let c(r) = -5*r + 4. Let i(y) = 4*y - 5. Let p(s) = -4*c(s) - 3*i(s). What is the units digit of p(h)?
7
Suppose 5*t = -2 + 12. Suppose -4*r - 72 = -3*z + t, -5*z + 100 = -2*r. What is the tens digit of z?
1
Let g be 0/1 - (-16 - 1). Suppose 3*m + 3 = -0*m, 0 = 4*u - 2*m + 46. Let o = g + u. What is the units digit of o?
5
Let q be (-32)/(-20) - 4/(-10). Let g(i) = -i**2 + i + 2. Let w be g(q). Suppose 4*s - 4 + 0 = w. What is the units digit of s?
1
Let f = 15 - -37. Suppose 4*k + 0*k = f. What is the units digit of k?
3
Let i be (-3)/(-9) - 28/(-6). Let y(p) = p**2 - 3*p - 5. What is the units digit of y(i)?
5
Let f = -47 - -84. What is the tens digit of f?
3
Let k = -76 - -236. What is the hundreds digit of k?
1
Suppose 0 = -4*n - 20, -2*t + n + 211 = 18. What is the tens digit of t?
9
Let y(m) = 128*m**2 - 4*m + 3. What is the tens digit of y(1)?
2
Suppose -14 = m - 5*y, -17 = -3*m - 2*m - 4*y. Let f(d) = 6*d**3 + d**2 - d. What is the units digit of f(m)?
6
Suppose 5*b - 5*y = 260, 88 - 304 = -4*b - 4*y. What is the units digit of b?
3
Suppose 5*n + 8 + 7 = 0. What is the tens digit of ((-2)/(-5))/(n/(-255))?
3
Suppose 4 = -4*v - 2*l, -l + 10 + 2 = -5*v. Let i(z) = z - 5. Let b be i(6). What is the units digit of b/v*2/(-1)?
1
Suppose 3*o + 20 = -2*o. Let h(v) = -2*v + 2. What is the units digit of h(o)?
0
Let z be (-3 + 0 + 0)/(-1). Suppose -6*w = -z*w - 78. What is the tens digit of w?
2
Let c(x) = 2*x**2 + 6*x + 8. What is the tens digit of c(-6)?
4
Let f be ((-1)/3)/(1/3). What is the tens digit of (10 - 6)*(f + 5)?
1
Let p(n) = -n**2 - 6*n. Let t be p(-5). Suppose h = 4*h + t*w - 63, 0 = h - w - 13. What is the tens digit of h?
1
Let w(u) = -u - 4. Let q = 5 - 1. Suppose 4*i = -q*o + 5*i - 28, -3*o - 2 = 4*i. What is the units digit of w(o)?
2
Let p be 1 + (-2)/(-4)*-2. Suppose p = -2*u + 93 - 5. What is the units digit of u?
4
Suppose z + 4*c + 85 = -4*z, 2*z - 4*c = -62. What is the units digit of (-15)/(-21) + (-6)/z?
1
Let r = 82 + -44. Suppose 57 = 4*b + 3*p, -4*b + 3*p - r = -101. What is the tens digit of b?
1
What is the units digit of (-154)/(-7)*42/4?
1
Let j = 0 - 0. Suppose -l + t + 34 = j, 2*l + 5*t - 180 = -3*l. Suppose 7*q - 2*q = l. What is the units digit of q?
7
Suppose 5*i + 27 + 73 = 0. Let r = -11 - i. What is the units digit of r?
9
Let w = -64 - -118. What is the tens digit of w?
5
Let a = 40 - 10. Suppose -w - w = -a. What is the units digit of w?
5
Let o(d) be the first derivative of d**3/3 - d**2/2 + 2*d - 2. Let l be o(2). What is the units digit of (-2)/l*(-32)/2?
8
Let u = -25 - -45. What is the units digit of u?
0
What is the tens digit of 24/(-32) + 374/8?
4
Suppose 263 = 11*q + 65. What is the units digit of q?
8
Suppose 40 = 4*q - 3*v, 4*q = 2*v + 34 + 10. Suppose 5*a - 7 = 2*u, -q = 3*a - 4*u - 6. What is the units digit of a?
3
Let l(s) = s**3 + 4*s**2 - 8*s + 4. Let j be l(-6). Let y be j/(-6) + 4/(-12). What is the tens digit of 16 - (y - (2 + -2))?
1
What is the units digit of (170/20)/(2/88)?
4
Let b be ((-5)/((-20)/(-808)))/(-2). Suppose x = 4*d + 31, -4*d + 16 = -3*x + b. What is the tens digit of x?
2
Suppose 7 = c - 11. What is the units digit of c?
8
Let h be (-30 - 0)*(-2)/4. Suppose 0 = y + 4*y. Suppose z + 2*z - h = y. What is the units digit of z?
5
Let b be (-28)/6 - (-2)/3. Suppose -i - 21 - 4 = 2*c, 5*c = i + 32. What is the units digit of (-3)/(-12) + i/b?
7
What is the units digit of 18/(-3)*(-62)/4?
3
What is the units digit of (18*(-4)/(-6))/(1/6)?
2
Let l = 4 + -2. Let x = 4 - l. What is the tens digit of 3/((-27)/15 + x)?
1
Suppose 3*v = -s + 3*s - 60, s - v = 28. Let z = 76 - s. What is the tens digit of z?
5
Let k = 264 - 183. What is the units digit of k?
1
Suppose -4*j + 15 = -5. Let t(x) = x**3 - 5*x**2 + 7*x - 4. What is the units digit of t(j)?
1
What is the tens digit of -14*6*(-21)/14?
2
Suppose 4*j = 3*b - 4, -4*b + 2*j + 2*j + 8 = 0. Suppose 0 = -b*c + 26 + 14. What is the tens digit of c?
1
Let s(y) = y**2 + 2. What is the tens digit of s(-5)?
2
Let k = -1 + 188. What is the units digit of k?
7
Suppose -5*v = -30 - 35. Suppose -2*k + 39 + v = 0. What is the units digit of (-4)/k + (-140)/(-65)?
2
Suppose -5*w + 4*w = -101. What is the tens digit of w?
0
Let u(x) = -x**2 - 6*x - 5. Let a be u(-4). Suppose -a*m + 2*m = -9. What is the units digit of 8/6 + (-3)/m?
1
Let u(o) = o**2 - 5*o + 8. Let p be -2*(-2)/(-4)*-2. Suppose -8 = -3*i + 2*m, -i + 13 + 3 = p*m. What is the units digit of u(i)?
4
Let i be 3*-1*280/12. Let x be i/(-8) + (-1)/(-4). Let s = x - 5. What is the units digit of s?
4
Let t(w) = 39*w + 6. What is the units digit of t(6)?
0
Let k = 5 + -5. What is the units digit of 1 + k - (2 + -4)?
3
Suppose 3*x + 11 = -0*i - i, 0 = -2*x + 5*i - 13. Let t = 18 + x. What is the tens digit of t?
1
Let r be (8 + -4)/(4/2). Suppose 2*s = -r*s + 72. What is the 